 i*g. What is the units digit of (n - 45)/(14/(-7))?
3
Let w be (-6)/24 - (-98)/8. Let z = -2 + w. What is the tens digit of ((-58)/(-4))/(5/z)?
2
Suppose -2*x = 4*b - 4*x - 1086, -5*b + 5*x + 1370 = 0. What is the tens digit of b?
6
Suppose -2*g + 0*h = -4*h + 30, -g = h + 3. Let v = g - -59. Suppose -4*b + 68 = -v. What is the tens digit of b?
3
Let y(z) = 3*z - 6. Let c be y(3). Suppose -5*q = -5*f + 10, c*q = 7*q. Suppose 4*t = f*t + 54. What is the tens digit of t?
2
Suppose -4 = -4*o, -2784 = -5*k + o - 5*o. What is the units digit of k?
6
Let h(d) = d + 14. Let o(l) = -l**2 + 3*l + 8. Let p be o(6). Let y be h(p). Suppose 0 = -r - 7*t + 2*t + 42, -r = y*t - 39. What is the units digit of r?
7
Let s(c) = -2*c + 2. Let t be s(6). Let k = t + 12. What is the tens digit of k*(31/2 + -1)?
2
Suppose -7 = -c + 2*c. Let s(u) = -u**3 - 10*u**2 - 8*u + 13. Let f be s(c). Let i = f - -130. What is the tens digit of i?
5
Suppose 3*l + l = 0. Suppose -d + 3*d - 2 = l. What is the units digit of (12/5)/(d/10)?
4
Suppose 0*z = 2*z, 0 = 2*a - 5*z - 1168. What is the tens digit of a?
8
Let s = 696 - 329. What is the tens digit of s?
6
Suppose 26*f - 12*f - 2380 = 0. Suppose 3*k - 3*j + 4*j = 145, -3*k + f = -4*j. What is the units digit of k?
0
Let g = 19 + -16. Suppose g = -3*r + 24. Let v(s) = -s**2 + 8*s. What is the units digit of v(r)?
7
What is the tens digit of 65/26*1626/15?
7
Let b(k) = 2*k - 12. Let n be 18 + -8 + 3 + 1. Let x = n + 0. What is the units digit of b(x)?
6
Let z = 1690 - -457. What is the thousands digit of z?
2
Suppose -5*i + 3*i + 921 = -5*b, 0 = 2*i + 2*b - 914. Suppose 2*q + 4*y = -0*q + 312, -3*q + 4*y + i = 0. What is the hundreds digit of q?
1
Suppose -3*c + 3 = -3. Suppose -c*j = 4*d - 2*d - 26, 0 = 3*j. What is the units digit of d?
3
Let g(d) = -2*d**2 - 13 + 5*d**2 + d - 9*d + 7*d**2. What is the hundreds digit of g(5)?
1
Let c(n) = 22*n**3 - 13*n**2 + 14*n - 8. What is the tens digit of c(5)?
8
Let f(v) = -v**3 - 34*v**2 + 24*v + 7. What is the tens digit of f(-37)?
2
Suppose 3*j - 30 = 3*h - 7*h, -3*j + 30 = h. Let a = 16 - j. Let p(u) = 3*u - 11. What is the units digit of p(a)?
7
Let w(m) = 33*m - 1. Let d be w(-1). Let p(z) = -z**2 + z - 7. Let o be p(3). Let a = o - d. What is the tens digit of a?
2
Let a = -51 + 51. Suppose 3*u + 5*i = -a*u + 285, 0 = 4*u - i - 380. What is the units digit of u?
5
Suppose -5*s + 28 = 5*p + 128, -56 = 2*p - 2*s. Let x = 31 + p. Suppose 2*k + 10 = x*k. What is the units digit of k?
2
Suppose -2498 = -4*t + 2050. What is the thousands digit of t?
1
Let y(k) = k**2 - 2*k + 4. Suppose -5*d - 5*b = 67 - 242, 4*b - 12 = 0. Suppose 7*w = 3*w - 16, -d = -2*a + 5*w. What is the tens digit of y(a)?
2
Let w(q) = -2*q**3 - 3*q**2 - q - 2. Let g be w(-2). Suppose -p - g*o - o = -142, 3*o = 4*p - 591. What is the hundreds digit of p?
1
Suppose 4 = 3*t - r, 6 = 3*t + t - r. Suppose -w - 1 = 1, -t*w = -4*d - 12. What is the tens digit of -18*(-27)/6 + d?
7
Let f = -20 - -24. Suppose 86 = -0*i + i + f*s, 4*s + 4 = 0. What is the tens digit of i?
9
Let j(p) be the first derivative of -4*p**2 + 2 - 9*p - 1/3*p**3. What is the units digit of j(-4)?
7
Let t(c) = 24*c - 29. Suppose 2*l - 25 = -4*g + 3, 0 = -4*l - 2*g + 32. What is the tens digit of t(l)?
1
Let q be 583 - 8/(-2) - 3. Suppose -x - a - 292 = -3*x, 4*x - 3*a - q = 0. Let y = x + -91. What is the tens digit of y?
5
Let n(m) be the second derivative of -m**5/20 + 19*m**4/12 + m**3/2 + 18*m**2 + 2*m. What is the units digit of n(19)?
3
Suppose -200*v + 202*v = 64. What is the tens digit of v?
3
Let d(m) = -22*m**3 + m**2 + 3*m + 2. Let f be d(-1). Let s = f - 18. Suppose -a - 5*p = -34, -3*a + s*p - 152 = -7*a. What is the tens digit of a?
3
Suppose -2*f + 8 = -f. Suppose -400 = -20*h - 5*h. What is the units digit of 740/h + (-2)/f?
6
Let t be ((-3)/1)/(2 + -3). Suppose -t*z = -6*z + 9. What is the units digit of 107/z - (-12)/36?
6
Let x(u) = 2*u + 9 - 5*u**2 - 2*u**3 - 7 + 5 + 3*u**3. Let a = 10 - 5. What is the units digit of x(a)?
7
Let d = 5 + 272. Let y = 522 - d. What is the tens digit of y?
4
Let g be -25*-3*(-4)/(-12). Suppose w - g = -4*x, -x - x - 5*w = -35. Suppose 21 = x*a + 2*b, 5*b + 6 = a - 9. What is the units digit of a?
5
Let t(k) = -21*k + 8. Let a(u) = -4*u - 2*u**2 + 0*u**2 - 3 + 3*u**2 - 2*u**2. Let n be a(-4). What is the units digit of t(n)?
1
Suppose 4*b - 3*b - 10 = 0. Let h(z) = -z**3 - 3*z**2 + 4*z - 3. Let t be h(2). What is the tens digit of 52/(-6)*t/b?
1
Let v(h) = 10*h**2 + 6*h + 5. What is the hundreds digit of v(6)?
4
Let j = -241 + 1088. What is the units digit of j?
7
Suppose 5*m + 133 = -237. Let q = 112 + m. What is the tens digit of q?
3
Let i(u) = -u**3 - 6*u**2 + 4*u - 7. Suppose -2*h - 10 = 0, 29 = -5*k + h - 1. What is the units digit of i(k)?
4
Let l(x) = x**3 - 11*x**2 + 5*x - 23. Let n be l(11). What is the hundreds digit of (81/(-4))/((-4)/n)?
1
Suppose 0*n - 3*f - 97 = n, -3*f + 343 = -4*n. Let m = -34 - n. What is the tens digit of m?
5
Let i = 9 - 9. Suppose 3*b - 70 = -10. Suppose i = -c + 54 + b. What is the units digit of c?
4
Suppose -23*t + 8445 = -8*t. What is the tens digit of t?
6
Let x be (3 - 4)*(2 - 5). Suppose -7 = -2*k + x. What is the units digit of k?
5
Let t(n) = -n**3 - 7*n**2 - 6*n + 1. Let i be t(-6). Let m be (2 - i)*(-2 + -2). Let v(a) = -a**3 - 3*a**2 - a - 2. What is the units digit of v(m)?
8
Let b(f) = 5*f**2 - 10*f + 19. Let h be b(8). Let l = -86 + h. What is the units digit of l?
3
Suppose 3*j - 1748 = -u, 16*j = 14*j + 3*u + 1147. What is the tens digit of j?
8
What is the tens digit of 59 + (7 - 8) + -5?
5
Let g = 25 + -35. Let h = g - -15. Let d = 12 - h. What is the units digit of d?
7
Suppose 11664 + 91 = 4*j - 5*f, -2*j + 5879 = -f. What is the units digit of j?
0
Let t(x) = 2*x**2 + 3*x - 3. Let l be t(-3). Suppose -3*c - h + 3 + 6 = 0, 2*c - l = 5*h. What is the tens digit of (-1)/((c/(-34))/3)?
3
Let d = -28 - -15. Let m = d - -11. Let i = 30 + m. What is the tens digit of i?
2
Let c(y) = -y**2 + 108*y - 543. What is the tens digit of c(39)?
4
Let y = -3 - -6. Let z be (((-2)/(-3))/((-8)/96))/(-1). Suppose 0 = -y*f + z*f - 40. What is the units digit of f?
8
Suppose 0 = -5*o + 25, 15*q - 11*q = -2*o + 1762. What is the units digit of q?
8
Suppose -12*x + 15*x = -828. Let t = -138 - x. What is the tens digit of t?
3
Let f be 33/(-5) - 10/25. Let h(p) be the first derivative of -p**4/4 - 7*p**3/3 - p**2/2 + 5*p - 1. What is the tens digit of h(f)?
1
Suppose -12*r + 3 = -7029. What is the units digit of r?
6
What is the tens digit of 262/(-3)*(-126)/(-180)*-15?
1
Suppose p + 15664 = 12*p. What is the hundreds digit of p?
4
Let v(h) be the second derivative of -13*h**5/4 - h**3/2 - h**2 - h. Let x = -53 - -52. What is the units digit of v(x)?
6
Let f = 669 - 211. What is the tens digit of f?
5
Suppose f + 1 = 4. Suppose 7 + 34 = -5*t + n, 0 = -f*t - 3*n - 21. Let j = 10 + t. What is the units digit of j?
2
Suppose b = 4*b + 108. What is the units digit of 25*(-1)/(20/b)?
5
Let i = -44 + 50. Let l = 25 - 18. Suppose l*a - a - i = 0. What is the units digit of a?
1
Let g be 2/(-7) - 299/(-91). Suppose -10 = -5*m - 5*n, -3*n - 16 = n. Let x = m - g. What is the units digit of x?
3
Let c(v) = -7*v**3 - v**2 - 4*v - 5. What is the tens digit of c(-3)?
8
Let v = 3139 + -2011. Suppose 0*m = 4*r + 3*m - 1118, 0 = 4*r - 2*m - v. Suppose 0*z = -3*d + 4*z + 187, 5*d - r = -z. What is the units digit of d?
7
Suppose 4*l = 3*h - 14, -3*h = -h + 5*l - 17. Suppose 3*k + 4 = 4*a + 18, 0 = 4*k - 4*a - 12. What is the units digit of 2/(-4)*h*k?
6
Let v be (2 - 0)/(1 - (-14)/(-21)). Suppose 0 = -4*h + 5*g + 88, -3*g + v*g - 120 = -4*h. What is the units digit of h?
7
Let u be (-11)/(-11) + 6/2. Suppose -u*x + x = -69. Let g = x + -20. What is the units digit of g?
3
Let d(m) = 8*m + 12. Let w be 22/(-187) - (-548)/34. Let b = w + -10. What is the units digit of d(b)?
0
Let n = 602 + -272. What is the units digit of n?
0
Let d be 2/15 - 657/(-135). Suppose 0*b - 560 = -3*b - 4*y, 0 = -b + d*y + 193. Suppose -5*a + b = -2*p, -3*p + 3 = -0*p. What is the tens digit of a?
3
Let k = 121 + -224. Let l = 126 + k. What is the tens digit of l?
2
What is the thousands digit of (-1